9
What is the greatest common divisor of 4002 and 290?
58
Calculate the greatest common divisor of 290643 and 57.
57
What is the greatest common divisor of 1475949 and 3?
3
What is the greatest common factor of 255 and 35625?
15
What is the highest common factor of 60 and 201860?
20
What is the highest common divisor of 6 and 1254066?
6
What is the highest common divisor of 10300 and 61388?
412
What is the greatest common factor of 24992 and 8624?
176
What is the greatest common factor of 30 and 3334990?
10
What is the greatest common factor of 2348610 and 198?
66
What is the greatest common factor of 7304 and 134211?
913
Calculate the greatest common divisor of 36124 and 55.
11
Calculate the greatest common factor of 26 and 71718.
2
Calculate the greatest common factor of 33 and 264.
33
What is the highest common divisor of 512 and 26440?
8
What is the highest common factor of 21545 and 775?
155
Calculate the highest common factor of 274 and 562248.
274
Calculate the greatest common divisor of 1610 and 42910.
70
Calculate the greatest common factor of 116433 and 153.
153
What is the greatest common divisor of 258110 and 487?
487
What is the highest common factor of 2049650 and 50?
50
What is the greatest common divisor of 167 and 276719?
167
Calculate the greatest common factor of 96767 and 11.
11
Calculate the greatest common divisor of 200 and 50872.
8
What is the greatest common factor of 48640 and 480?
160
Calculate the greatest common divisor of 46368 and 14.
14
Calculate the highest common factor of 36995 and 175.
35
What is the greatest common divisor of 18 and 3818?
2
Calculate the greatest common factor of 16540 and 40.
20
Calculate the greatest common factor of 372 and 16608.
12
Calculate the greatest common divisor of 188487 and 716.
179
What is the highest common divisor of 2057 and 49181?
187
Calculate the greatest common factor of 200 and 527500.
100
Calculate the greatest common divisor of 51354 and 108.
54
Calculate the greatest common divisor of 84397 and 407.
37
What is the greatest common divisor of 3551 and 79818?
53
Calculate the greatest common factor of 2032 and 21209.
127
What is the highest common divisor of 3052 and 99953?
763
What is the greatest common divisor of 110 and 29700?
110
What is the highest common divisor of 1350 and 1243800?
450
What is the greatest common factor of 10554 and 12?
6
Calculate the greatest common factor of 102610 and 186.
62
Calculate the greatest common divisor of 2316916 and 392.
196
What is the greatest common factor of 645 and 825?
15
What is the highest common divisor of 833 and 57137?
17
Calculate the greatest common factor of 33332 and 1248.
52
What is the greatest common divisor of 2394 and 1530?
18
What is the greatest common factor of 480 and 295?
5
What is the highest common factor of 61778 and 238?
34
What is the greatest common divisor of 2593721 and 1016?
127
Calculate the greatest common divisor of 1080 and 2787.
3
Calculate the highest common divisor of 561 and 41888.
187
Calculate the highest common factor of 4844104 and 428.
428
What is the greatest common factor of 485900 and 1130?
1130
What is the greatest common divisor of 70 and 99520?
10
What is the greatest common divisor of 2430 and 1890?
270
What is the highest common divisor of 111644 and 4?
4
What is the highest common factor of 25 and 22175?
25
What is the greatest common factor of 216 and 19672?
8
Calculate the greatest common factor of 2542 and 514.
2
Calculate the highest common factor of 14580 and 420.
60
Calculate the greatest common divisor of 10034 and 146160.
58
What is the greatest common divisor of 35453 and 363?
121
What is the greatest common divisor of 27738 and 115?
23
What is the greatest common divisor of 7521 and 414?
69
What is the greatest common factor of 146025 and 495?
495
Calculate the highest common factor of 135 and 149985.
135
What is the highest common factor of 32 and 500?
4
What is the highest common factor of 15533 and 1421?
49
What is the greatest common factor of 19788 and 9021?
291
Calculate the greatest common factor of 12356715 and 822.
411
What is the greatest common divisor of 4320 and 490?
10
Calculate the highest common divisor of 154575 and 62100.
675
What is the greatest common factor of 865 and 25085?
865
Calculate the highest common factor of 76 and 54074.
38
What is the highest common factor of 191046 and 306?
102
Calculate the highest common divisor of 1070 and 4173.
107
Calculate the greatest common factor of 30 and 236710.
10
What is the highest common factor of 1346 and 1198613?
673
What is the highest common divisor of 112480 and 2560?
160
What is the highest common factor of 187280 and 1280?
80
What is the greatest common factor of 12 and 169356?
12
Calculate the highest common divisor of 85 and 4386.
17
Calculate the greatest common divisor of 1116 and 114192.
36
Calculate the highest common factor of 189803 and 118.
59
Calculate the greatest common factor of 106 and 760762.
106
Calculate the highest common divisor of 2448 and 7208.
136
What is the greatest common divisor of 7 and 507017?
7
What is the highest common divisor of 460 and 53245?
115
What is the greatest common factor of 14212 and 7942?
418
Calculate the highest common factor of 195689 and 91.
13
Calculate the highest common divisor of 201 and 424713.
201
What is the greatest common factor of 117 and 1131?
39
What is the greatest common factor of 91663 and 26?
13
What is the greatest common factor of 6 and 2913942?
6
Calculate the greatest common divisor of 5053 and 233579.
163
What is the highest common divisor of 3224 and 2119?
13
What is the highest common divisor of 124911 and 18?
9
What is the greatest common divisor of 6646 and 14?
2
What is the greatest common factor of 13880 and 9369?
347
What is the highest common factor of 55071 and 422?
211
Calculate the greatest common divisor of 16 and 444364.
4
Calculate the greatest common divisor of 6099 and 114.
57
What is the highest common divisor of 193 and 1152403?
193
What is the greatest common divisor of 778 and 238846?
778
Calculate the greatest common divisor of 2064 and 21168.
48
Calculate the greatest common divisor of 180 and 345.
15
What is the greatest common factor of 1771 and 21505?
253
What is the highest common factor of 65 and 188877?
13
Calculate the greatest common divisor of 5246 and 3721.
61
What is the greatest common factor of 1067 and 5044?
97
What is the highest common factor of 6557 and 869?
79
What is the greatest common divisor of 122 and 23546?
122
What is the greatest common factor of 9346634 and 1122?
374
Calculate the highest common divisor of 666576 and 72.
72
Calculate the highest common factor of 296 and 1314758.
74
What is the highest common factor of 13875 and 128427?
111
Calculate the highest common factor of 587516 and 769.
769
What is the highest common factor of 45380 and 80?
20
Calculate the greatest common factor of 4581 and 20869.
509
Calculate the highest common divisor of 37316 and 228.
76
Calculate the highest common factor of 5 and 1041805.
5
Calculate the greatest common divisor of 3292 and 1370295.
823
Calculate the highest common factor of 105 and 1400055.
15
What is the highest common factor of 15844 and 612?
68
What is the highest common divisor of 6180 and 45?
15
Calculate the highest common divisor of 212521 and 1844.
461
What is the greatest common factor of 5986 and 6806?
82
What is the greatest common factor of 882 and 282681?
441
Calculate the highest common divisor of 3340 and 3200.
20
Calculate the highest common divisor of 473088 and 11.
11
What is the greatest common factor of 17411 and 92?
23
Calculate the greatest common divisor of 13 and 2671.
1
What is the highest common factor of 2412 and 165088?
268
What is the highest common divisor of 681282 and 504?
126
Calculate the highest common divisor of 19716 and 40052.
124
Calculate the greatest common factor of 155401 and 171.
19
Calculate the greatest common divisor of 10751 and 2587.
13
Calculate the greatest common factor of 3185 and 18395.
65
Calculate the highest common factor of 212 and 19868.
4
What is the greatest common factor of 78 and 45903?
39
What is the highest common factor of 68 and 18071?
17
What is the highest 